 224406 a multiple of 21?
True
Is 152055 a multiple of 37?
False
Does 327 divide 1961019?
True
Is 74707 a multiple of 10?
False
Is 4576689 a multiple of 1003?
True
Is 67824 a multiple of 27?
True
Does 194 divide 113684?
True
Does 1546 divide 14153196?
False
Does 165 divide 13909005?
True
Is 13 a factor of 3770?
True
Is 48 a factor of 4145520?
True
Is 162 a factor of 94770?
True
Does 46 divide 47380?
True
Is 13 a factor of 539764?
False
Does 143 divide 3750668?
False
Is 29 a factor of 31349?
True
Is 16714916 a multiple of 62?
False
Is 17 a factor of 174454?
True
Does 73 divide 179588?
False
Does 10 divide 179092?
False
Is 566856 a multiple of 18?
True
Is 205089 a multiple of 499?
True
Does 155 divide 846300?
True
Does 16 divide 11060933?
False
Is 24 a factor of 257451?
False
Is 15 a factor of 13882215?
True
Does 3 divide 4415?
False
Does 16 divide 268240?
True
Does 96 divide 144524?
False
Is 22672 a multiple of 3?
False
Does 21 divide 302504?
False
Is 7 a factor of 238312?
False
Is 481044 a multiple of 11?
False
Is 953862 a multiple of 42?
True
Does 99 divide 31068?
False
Is 53 a factor of 5546690?
False
Does 200 divide 1603400?
True
Does 33 divide 6722067?
True
Does 316 divide 790000?
True
Does 4 divide 13692?
True
Is 345570 a multiple of 30?
True
Is 7 a factor of 126579?
False
Is 29 a factor of 15648?
False
Is 22 a factor of 12822?
False
Does 14 divide 398390?
False
Is 145816 a multiple of 103?
False
Does 82 divide 7778356?
True
Is 125 a factor of 137187?
False
Is 10 a factor of 3633937?
False
Is 290 a factor of 1791910?
True
Is 6593152 a multiple of 152?
True
Is 159328 a multiple of 13?
True
Does 249 divide 4061439?
True
Is 945438 a multiple of 78?
True
Is 275 a factor of 7519542?
False
Does 72 divide 1231350?
False
Does 16 divide 8288?
True
Is 3127016 a multiple of 11?
False
Is 80 a factor of 180716?
False
Is 175 a factor of 1330744?
False
Is 1850055 a multiple of 87?
True
Does 8 divide 7979?
False
Does 2766 divide 6605208?
True
Does 905 divide 6129565?
True
Does 10 divide 7156750?
True
Does 328 divide 2335032?
True
Is 80652 a multiple of 23?
False
Is 175224 a multiple of 596?
True
Is 24 a factor of 244656?
True
Does 75 divide 4622574?
False
Is 41 a factor of 328205?
True
Is 1294881 a multiple of 21?
True
Is 297926 a multiple of 9?
False
Does 92 divide 1925128?
False
Does 42 divide 26922?
True
Is 47709 a multiple of 10?
False
Is 8423533 a multiple of 615?
False
Does 43 divide 214926?
False
Does 77 divide 8698998?
True
Is 235315 a multiple of 95?
True
Is 248920 a multiple of 49?
True
Does 4 divide 5836?
True
Is 3883991 a multiple of 7?
False
Is 48 a factor of 507751?
False
Does 408 divide 1382077?
False
Is 6 a factor of 241517?
False
Does 1205 divide 17631560?
True
Does 6 divide 120204?
True
Is 26957 a multiple of 10?
False
Is 785115 a multiple of 239?
True
Does 7 divide 9580?
False
Is 56 a factor of 360104?
False
Does 252 divide 3713671?
False
Is 59 a factor of 1716841?
True
Does 45 divide 4672?
False
Is 21 a factor of 199374?
True
Is 21 a factor of 6179061?
True
Is 3 a factor of 26082?
True
Is 547260 a multiple of 7?
True
Is 16 a factor of 9280?
True
Is 453 a factor of 14600643?
True
Is 7 a factor of 18627?
True
Is 243 a factor of 1103869?
False
Is 68 a factor of 255000?
True
Does 279 divide 46593?
True
Is 28151487 a multiple of 35?
False
Is 137 a factor of 23224?
False
Does 133 divide 211222?
False
Is 56 a factor of 62061?
False
Is 9 a factor of 770059?
False
Is 11 a factor of 2486229?
False
Is 262848 a multiple of 16?
True
Does 1561 divide 5162227?
True
Is 186 a factor of 2312055?
False
Is 39 a factor of 6338?
False
Is 20 a factor of 1012380?
True
Is 1739658 a multiple of 94?
True
Is 712632 a multiple of 172?
False
Is 6 a factor of 40052?
False
Is 127187 a multiple of 124?
False
Is 1595799 a multiple of 631?
True
Is 26 a factor of 1504364?
False
Is 44 a factor of 2817584?
True
Is 28 a factor of 58968?
True
Is 21 a factor of 28056?
True
Is 234540 a multiple of 34?
False
Is 394 a factor of 1427462?
True
Is 14 a factor of 168009?
False
Does 42 divide 6626214?
True
Is 144680 a multiple of 20?
True
Does 48 divide 162707?
False
Is 16 a factor of 106560?
True
Is 34 a factor of 3327951?
False
Is 192501 a multiple of 293?
True
Is 161 a factor of 469637?
True
Is 1132693 a multiple of 136?
False
Is 47004 a multiple of 39?
False
Is 13396862 a multiple of 412?
False
Is 27 a factor of 243810?
True
Is 58 a factor of 1242244?
True
Does 43 divide 455489?
False
Is 244110 a multiple of 30?
True
Is 745823 a multiple of 103?
True
Is 97632 a multiple of 48?
True
Is 10 a factor of 678120?
True
Does 3 divide 188230?
False
Is 53 a factor of 4131309?
False
Is 167650 a multiple of 7?
True
Is 5165170 a multiple of 9?
False
Is 847830 a multiple of 59?
True
Is 1090 a factor of 314632?
False
Is 270679 a multiple of 15?
False
Is 51 a factor of 27642?
True
Is 5 a factor of 55645?
True
Does 191 divide 5213918?
True
Is 13046 a multiple of 11?
True
Is 5550 a multiple of 222?
True
Does 17 divide 44642?
True
Is 1344475 a multiple of 35?
False
Does 153 divide 151491?
False
Does 172 divide 8807921?
False
Is 12 a factor of 10489?
False
Is 492 a factor of 17677068?
True
Is 755956 a multiple of 67?
False
Does 195 divide 578291?
False
Is 241610 even?
True
Is 464 a factor of 1312192?
True
Is 39097 a multiple of 583?
False
Does 445 divide 1733275?
True
Does 36 divide 979?
False
Does 29 divide 167545?
False
Is 5 a factor of 298980?
True
Does 18 divide 231912?
True
Is 5914516 a multiple of 18?
False
Does 121 divide 204010?
False
Is 195 a factor of 1959435?
False
Does 31 divide 2725083?
False
Does 6 divide 2463780?
True
Is 20 a factor of 5667279?
False
Does 36 divide 28364?
False
Is 129552 a multiple of 202?
False
Is 25061138 a multiple of 9?
False
Is 71 a factor of 150875?
True
Is 68 a factor of 290748?
False
Does 281 divide 1302373?
False
Does 22 divide 38193980?
True
Does 82 divide 510392?
False
Does 93 divide 328104?
True
Does 12 divide 10039680?
True
Does 5 divide 49580?
True
Is 167420 a multiple of 20?
True
Is 422 a factor of 51062?
True
Does 14 divide 395164?
True
Is 21 a factor of 904071?
True
Is 29759 a multiple of 75?
False
Does 252 divide 9734774?
False
Is 327584 a multiple of 32?
True
Is 601 a factor of 414322?
False
Does 4 divide 1923916?
True
Does 83 divide 59548?
False
Is 53 a factor of 4219171?
True
Is 41 a factor of 667556?
False
Does 10 divide 1011961?
False
Is 1489409 a multiple of 536?
False
Does 89 divide 479745?
False
Does 825 divide 777975?
True
Is 207 a factor of 9729?
True
Is 3059525 a multiple of 25?
True
Is 8545113 a multiple of 30?
False
Is 6 a factor of 2378959?
False
Is 484 a factor of 1845976?
True
Does 69 divide 430558?
False
Is 192 a factor of 8671104?
True
Does 398 divide 355812?
True
Is 666761 a multiple of 454?
False
Is 101 a factor of 3972382?
False
Is 502 a factor of 178094?
False
Is 1205766 a multiple of 16?
False
Is 9374340 a multiple of 276?
True
Does 15 divide 620115?
True
Is 53 a factor of 5607210?
False
Does 7 divide 19568?
False
Is 3 a factor of 10906?
False
Does 60 divide 106361?
False
Does 85 divide 167875?
True
Is 71688 a multiple of 24?
True
Does 48 divide 206160?
True
Is 6595 a multiple of 23?
False
Does 10 divide 438498?
False
Is 49 a factor of 911599?
False
Does 8 divide 4053?
False
Is 3 a factor of 38320?
False
Does 80 divide 25595832?
False
Is 350 a factor of 4704000?
True
Does 94 divide 79900?
True
Is 27 a factor of 371767?
False
Does 1089 divide 1573605?
True
Is 656410 a multiple of 15?
False
Is 313804 a multiple of 118?
False
Is 40 a factor of 93405?
False
Is 644930 a multiple of 55?
True
Does 2 divide 3188?
True
Is 287 a factor of 380275?
True
Does 92 divide 77173?
False
Does 88 divide 10912?
True
Is 8 a factor of 355872?
True
Is 225 a factor of 12032100?
True
Does 17 divide 46949?
False
Does 17 divide 1634771?
True
Is 26 a factor of 2190341?
False
Is 13 a factor of 1419977?
True
Is 92046 a multiple of 46?
True
Does 33 divide 1398606?
True
Does 21 divide 156785?
False
Is 4 a factor of 22920?
True
Is 2 a factor of 485962?
True
Is 75 a factor of 2714475?
True
Is 27 a factor of 1021140?
True
Does 44 divide 555676?
True
Is 541370 a multiple of 117?
False
Is 59296 a multiple of 16?
True
Is 38805 a multiple of 39?
True
Is 2417922